2, 3, 7, 61, 16519
List the prime factors of 10157070.
2, 3, 5, 7, 11, 4397
What are the prime factors of 11848520?
2, 5, 296213
List the prime factors of 3637090924.
2, 23, 2179, 18143
List the prime factors of 38372461.
38372461
List the prime factors of 7107254507.
47, 727, 208003
List the prime factors of 6174711051.
3, 1543, 1333919
What are the prime factors of 19513205?
5, 3902641
List the prime factors of 231342021.
3, 43, 199261
What are the prime factors of 7086142?
2, 7, 43, 79, 149
List the prime factors of 21616752.
2, 3, 450349
List the prime factors of 2756670867.
3, 102098921
What are the prime factors of 28538241?
3, 59, 161233
What are the prime factors of 98191090?
2, 5, 61, 160969
List the prime factors of 7186813.
7186813
What are the prime factors of 880461870?
2, 3, 5, 89, 329761
What are the prime factors of 2938423289?
29, 101324941
What are the prime factors of 15390775?
5, 43, 103, 139
What are the prime factors of 266768203?
13, 3181, 6451
What are the prime factors of 29831050?
2, 5, 53, 11257
What are the prime factors of 42278884?
2, 10569721
What are the prime factors of 1102372136?
2, 83, 1660199
What are the prime factors of 184210602?
2, 3, 317, 96851
What are the prime factors of 671771531?
671771531
List the prime factors of 381742484.
2, 95435621
What are the prime factors of 47107340?
2, 5, 7, 17, 19793
List the prime factors of 74426614.
2, 37213307
List the prime factors of 814933668.
2, 3, 67911139
List the prime factors of 27836721.
3, 11, 317, 887
What are the prime factors of 38840756?
2, 1051, 9239
What are the prime factors of 64951657?
64951657
List the prime factors of 787823598.
2, 3, 2113, 62141
What are the prime factors of 824230813?
7, 3719, 4523
What are the prime factors of 457029236?
2, 6947, 16447
What are the prime factors of 1163670909?
3, 439, 883577
List the prime factors of 281260603.
13, 151, 143281
What are the prime factors of 101102498?
2, 7, 61, 118387
List the prime factors of 95316165.
3, 5, 7, 31, 43, 227
List the prime factors of 756060907.
7, 17, 6353453
What are the prime factors of 1390565607?
3, 6883, 67343
What are the prime factors of 4588560968?
2, 573570121
List the prime factors of 742883363.
47, 15806029
What are the prime factors of 9000587?
181, 49727
List the prime factors of 74289655.
5, 11, 23, 58727
List the prime factors of 158584038.
2, 3, 71, 372263
What are the prime factors of 115255231?
7, 13, 23, 53, 1039
What are the prime factors of 53867305?
5, 17, 31, 20443
What are the prime factors of 1281932069?
11, 116539279
What are the prime factors of 113526757?
2411, 47087
What are the prime factors of 35142755?
5, 79, 88969
What are the prime factors of 2466947024?
2, 154184189
List the prime factors of 70393676.
2, 97, 419, 433
List the prime factors of 112244440.
2, 5, 7, 11, 3313
List the prime factors of 32579702.
2, 29, 281, 1999
What are the prime factors of 76097057?
43, 167, 10597
What are the prime factors of 926999482?
2, 463499741
List the prime factors of 121531068.
2, 3, 19, 177677
List the prime factors of 177270650.
2, 5, 163, 21751
What are the prime factors of 1678281?
3, 11, 50857
What are the prime factors of 206449579?
7, 29, 43, 67, 353
List the prime factors of 1829630972.
2, 13, 35185211
What are the prime factors of 13217983?
227, 58229
What are the prime factors of 2429854220?
2, 5, 6449, 18839
What are the prime factors of 3113439353?
653, 1019, 4679
What are the prime factors of 2604162780?
2, 3, 5, 223, 64877
What are the prime factors of 6560965023?
3, 17, 31, 37, 59, 1901
List the prime factors of 308050814.
2, 5237, 29411
What are the prime factors of 38129989?
59, 646271
What are the prime factors of 8751950?
2, 5, 175039
List the prime factors of 175604009.
7, 3847, 6521
What are the prime factors of 383226088?
2, 7, 6843323
What are the prime factors of 1802055990?
2, 3, 5, 7, 2713, 3163
List the prime factors of 32860171.
131, 250841
List the prime factors of 1272518787.
3, 19, 4229, 5279
What are the prime factors of 110337628?
2, 27584407
List the prime factors of 68234415.
3, 5, 19, 12601
List the prime factors of 19488853.
1723, 11311
What are the prime factors of 552317267?
17, 29, 1120319
What are the prime factors of 45463149?
3, 757, 6673
List the prime factors of 46873272.
2, 3, 1953053
What are the prime factors of 128177663?
128177663
List the prime factors of 3894480.
2, 3, 5, 601
List the prime factors of 640427557.
7, 11, 8317241
List the prime factors of 330789917.
271, 433, 2819
List the prime factors of 7878562001.
14821, 531581
What are the prime factors of 59412534?
2, 3, 9902089
List the prime factors of 188138641.
188138641
List the prime factors of 48434707.
907, 53401
What are the prime factors of 18381113?
19, 967427
List the prime factors of 69546804.
2, 3, 67, 86501
What are the prime factors of 965969470?
2, 5, 2689, 35923
List the prime factors of 936787324.
2, 11, 19, 101869
What are the prime factors of 11945227?
7, 41, 41621
What are the prime factors of 14801505?
3, 5, 986767
List the prime factors of 175125867.
3, 7, 29, 137, 2099
List the prime factors of 100511752.
2, 11, 17, 67187
List the prime factors of 61346301.
3, 20448767
List the prime factors of 2726207092.
2, 7, 9221, 10559
What are the prime factors of 1904858314?
2, 683, 1394479
List the prime factors of 769189805.
5, 23, 43, 6763
List the prime factors of 4261464083.
167, 2087, 12227
List the prime factors of 57041730.
2, 3, 5, 633797
What are the prime factors of 23700381?
3, 53, 149059
What are the prime factors of 86841965?
5, 7, 127, 2791
List the prime factors of 76250714.
2, 2579, 14783
List the prime factors of 26714044.
2, 7, 131, 7283
List the prime factors of 89811909.
3, 11, 100799
What are the prime factors of 43235391?
3, 2111, 6827
List the prime factors of 200062862.
2, 41, 2439791
List the prime factors of 31197100.
2, 5, 11, 79, 359
List the prime factors of 280043087.
59, 4746493
List the prime factors of 430132675.
5, 7, 2457901
What are the prime factors of 245051508?
2, 3, 13, 29, 54167
What are the prime factors of 89077535?
5, 17, 1047971
What are the prime factors of 1202207744?
2, 1174031
List the prime factors of 3491227442.
2, 1745613721
List the prime factors of 3793699282.
2, 47, 40358503
List the prime factors of 22562449.
7, 13, 247939
List the prime factors of 1280298503.
11, 193, 479, 1259
What are the prime factors of 258000059?
258000059
List the prime factors of 65684744.
2, 101, 81293
List the prime factors of 630082676.
2, 157520669
List the prime factors of 99595280.
2, 5, 29, 42929
List the prime factors of 2939965237.
11, 267269567
What are the prime factors of 46333142?
2, 151, 153421
List the prime factors of 92292949.
7, 17, 293, 2647
List the prime factors of 21635195.
5, 37, 83, 1409
List the prime factors of 5899834.
2, 2949917
List the prime factors of 251621049.
3, 2333, 35951
What are the prime factors of 545012?
2, 13, 47, 223
What are the prime factors of 1480789557?
3, 13, 12656321
What are the prime factors of 10276991?
29, 389, 911
What are the prime factors of 4261970205?
3, 5, 94710449
What are the prime factors of 377149493?
7, 53878499
List the prime factors of 189299764.
2, 31, 1526611
What are the prime factors of 3362027?
1223, 2749
What are the prime factors of 274538222?
2, 7, 4229, 4637
What are the prime factors of 1382128124?
2, 13, 2011, 13217
What are the prime factors of 144596543?
7, 13, 17, 151, 619
List the prime factors of 1030872358.
2, 223, 331, 6983
What are the prime factors of 2053547442?
2, 3, 1151, 99119
What are the prime factors of 41601055?
5, 8320211
What are the prime factors of 762596783?
13, 4512407
List the prime factors of 4617892414.
2, 83, 3011, 9239
List the prime factors of 6830808465.
3, 5, 13, 19, 37, 3833
List the prime factors of 4277852174.
2, 2138926087
List the prime factors of 787094817.
3, 19, 13808681
List the prime factors of 269774087.
11, 24524917
List the prime factors of 135717378.
2, 3, 22619563
List the prime factors of 9761248.
2, 7, 43577
What are the prime factors of 185848559?
13, 29, 492967
List the prime factors of 558708159.
3, 43, 71, 61001
What are the prime factors of 133560155?
5, 331, 80701
What a